osite?
False
Is 8126707 composite?
False
Is 3525761 a prime number?
True
Is 493836179 composite?
True
Is 521191 prime?
False
Is 12185 prime?
False
Is 219629821 composite?
False
Is 500189 a prime number?
False
Is 138366251 composite?
False
Is 235157 composite?
True
Is 4164185 a prime number?
False
Is 498996793 composite?
False
Is 10965349 a prime number?
True
Is 27563 prime?
False
Is 1978253 a prime number?
False
Is 3858683 composite?
True
Is 4252817 prime?
False
Is 2493739 prime?
False
Is 158180599 a prime number?
True
Is 31544749 a composite number?
False
Is 28344599 a composite number?
True
Is 9973235 a prime number?
False
Is 945577 prime?
True
Is 7471681 composite?
True
Is 465199 composite?
True
Is 56286817 a composite number?
False
Is 4214699 composite?
False
Is 7724629 prime?
False
Is 7449799 prime?
False
Is 27662267 prime?
True
Is 65882039 a composite number?
True
Is 60919877 a prime number?
False
Is 40251583 a prime number?
True
Is 7211201 a prime number?
True
Is 115459499 composite?
True
Is 176843 prime?
False
Is 50815799 a prime number?
False
Is 216823 a prime number?
False
Is 55414211 a prime number?
False
Is 279825769 composite?
True
Is 59003623 composite?
True
Is 294579539 a composite number?
True
Is 9801523 a prime number?
True
Is 4074661 a composite number?
True
Is 22391153 composite?
False
Is 72909673 prime?
True
Is 2286208961 a composite number?
False
Is 459421 prime?
True
Is 37594291 a composite number?
True
Is 9115529 a composite number?
False
Is 13686545 prime?
False
Is 211170373 prime?
False
Is 7255019 composite?
False
Is 25186591 a composite number?
False
Is 34105469 prime?
False
Is 5142419 a composite number?
False
Is 20488271 a prime number?
False
Is 464629313 composite?
True
Is 3202522 composite?
True
Is 15009191 prime?
False
Is 35599449 prime?
False
Is 68477939 composite?
False
Is 156592499 composite?
True
Is 2196589 composite?
False
Is 4365643 a prime number?
False
Is 189166253 a prime number?
True
Is 76609927 a prime number?
True
Is 1040311 composite?
False
Is 1482707 a composite number?
False
Is 548604311 composite?
True
Is 2804429 a composite number?
True
Is 57781831 prime?
False
Is 613286 a composite number?
True
Is 96570781 a composite number?
True
Is 717142 prime?
False
Is 1466333 a composite number?
True
Is 8883967 a composite number?
True
Is 1320287 composite?
False
Is 33997591 prime?
False
Is 1250117 composite?
True
Is 55871 prime?
True
Is 179009683 a prime number?
True
Is 93741019 composite?
False
Is 44652629 prime?
False
Is 19136251 composite?
False
Is 2587493 prime?
False
Is 6444587 a composite number?
False
Is 180931418 prime?
False
Is 667171 a composite number?
False
Is 1725827 a prime number?
False
Is 17406847 a composite number?
False
Is 22759145 composite?
True
Is 1691069 composite?
False
Is 227749099 a prime number?
True
Is 364804169 prime?
True
Is 137318123 prime?
False
Is 438524027 prime?
False
Is 7275857 prime?
True
Is 24022051 composite?
True
Is 31132973 composite?
False
Is 856247 composite?
True
Is 14822407 composite?
True
Is 776401 a prime number?
True
Is 390816259 a prime number?
False
Is 565801109 a prime number?
True
Is 8320903 prime?
True
Is 120731537 prime?
True
Is 10014899 a prime number?
True
Is 8707747 composite?
False
Is 697531 composite?
True
Is 946553389 prime?
True
Is 5355197 a composite number?
False
Is 78494881 a prime number?
True
Is 32088022 a prime number?
False
Is 3027715 a prime number?
False
Is 503053607 composite?
True
Is 67574053 composite?
False
Is 4076351 a composite number?
False
Is 166327399 a prime number?
False
Is 18364699 a composite number?
True
Is 46053649 composite?
False
Is 14851513 composite?
False
Is 624163 a composite number?
False
Is 5555281 composite?
True
Is 55279199 prime?
False
Is 52241734 a prime number?
False
Is 1388227 composite?
False
Is 2974073 composite?
True
Is 56908105 a composite number?
True
Is 50477807 a prime number?
False
Is 135486706 a prime number?
False
Is 5875673 a prime number?
False
Is 373565 a prime number?
False
Is 10403187 a prime number?
False
Is 31856107 prime?
False
Is 15059461 a prime number?
False
Is 39624719 prime?
False
Is 7515059 a composite number?
True
Is 303493205 prime?
False
Is 4203005 composite?
True
Is 6888139 prime?
True
Is 21735803 prime?
True
Is 2555083 a composite number?
True
Is 1292777 prime?
False
Is 256511 composite?
True
Is 551225827 a prime number?
True
Is 44304437 composite?
False
Is 275827 composite?
False
Is 13631539 prime?
True
Is 44428877 prime?
True
Is 2753455 prime?
False
Is 163222607 composite?
False
Is 139829422 prime?
False
Is 16878835 composite?
True
Is 2954681 composite?
False
Is 18859 prime?
True
Is 461081 prime?
False
Is 5853047 composite?
False
Is 20032618 a composite number?
True
Is 7010909 a composite number?
False
Is 2729381 a composite number?
False
Is 7012409 a prime number?
True
Is 1901983 prime?
False
Is 9501959 a composite number?
False
Is 118628557 a prime number?
True
Is 2176781 a composite number?
False
Is 4810719 prime?
False
Is 2033663 prime?
False
Is 2071029395 composite?
True
Is 45481 prime?
True
Is 3617879 a composite number?
False
Is 6128531 prime?
True
Is 3653423 composite?
False
Is 14824661 a composite number?
False
Is 339977579 a composite number?
False
Is 11682926 a prime number?
False
Is 1862618 composite?
True
Is 5703979 prime?
False
Is 41848619 composite?
False
Is 1529353 a composite number?
True
Is 11540002 a composite number?
True
Is 4636943 a composite number?
False
Is 14108405 prime?
False
Is 120551909 a composite number?
False
Is 3212869 prime?
False
Is 163927 a composite number?
False
Is 25496633 a prime number?
True
Is 2009089 a composite number?
True
Is 961477 a prime number?
False
Is 66974 a prime number?
False
Is 354538957 a prime number?
True
Is 4120219 a prime number?
True
Is 70409621 a prime number?
True
Is 114667741 composite?
False
Is 802643 a composite number?
False
Is 36318683 a composite number?
False
Is 36934357 prime?
True
Is 710119 a prime number?
True
Is 1496338 composite?
True
Is 48165935 prime?
False
Is 87394961 composite?
False
Is 66776711 composite?
True
Is 22896149 composite?
False
Is 124661995 composite?
True
Is 3525157 a prime number?
True
Is 6765095 composite?
True
Is 7484011 prime?
True
Is 56886731 composite?
True
Is 3376229 composite?
False
Is 45333469 a prime number?
True
Is 5324863 prime?
True
Is 248391133 prime?
True
Is 50019499 a composite number?
False
Is 38308201 prime?
True
Is 2447437 prime?
True
Is 5020619 prime?
True
Is 31473061 a composite number?
False
Is 164718781 composite?
False
Is 12762829 prime?
True
Is 136456367 composite?
True
Is 3621633 composite?
True
Is 18960091 a composite number?
True
Is 1483117 composite?
True
Is 2038423 prime?
False
Is 3647597 a composite number?
False
Is 1958603 a prime number?
True
Is 928123 a prime number?
False
Is 164199439 prime?
True
Is 299751493 prime?
False
Is 41377073 a prime number?
True
Is 345259 prime?
True
Is 1022849 composite?
False
Is 345433333 prime?
False
Is 3817777 prime?
True
Is 19437041 composite?
True
Is 125975107 prime?
True
Is 50632471 prime?
True
Is 8654803 prime?
True
Is 1711273 composite?
True
Is 4601941 a prime number?
False
Is 34508323 composite?
True
Is 232800649 a prime number?
False
Is 538867103 a composite number?
False
Is 92435857 prime?
True
Is 9066251 prime?
True
Is 648849431 a prime number?
True
Is 85707827 prime?
True
Is 20449391 composite?
False
Is 53683667 prime?
True
Is 519457431 composite?
True
Is 1496323 a prime number?
False
Is 146367539 prime?
True
Is 462007891 a prime number?
True
Is 23183473 a composite number?
True
Is 11745809 prime?
True
Is 38113 composite?
False
Is 241916519 a composite number?
True
Is 34093289 composite?
False
Is 4996399 composite?
False
Is 86069 composite?
False
Is 19314497 a prime number?
False
Is 1048397 a composite number?
True
Is 14231801 composite?
False
Is 4899935 prime?
False
Is 26437379 composite?
True
Is 2042723 composite?
True
Is 297218 composite?
True
Is 32285833 prime?
False
Is 12166387 composite?
False
Is 951977147 prime?
False
Is 25312451 a prime number?
True
Is 1022269 prime?
False
Is 464861 composite?
True
Is 8011073 a composite number?
True
Is 12420451 composite?
False
Is 460399 a prime number?
False
Is 43251